{"id":79,"date":"2020-04-08T18:19:58","date_gmt":"2020-04-08T16:19:58","guid":{"rendered":"http:\/\/www.adaf04.fr\/?page_id=79"},"modified":"2024-09-16T16:09:06","modified_gmt":"2024-09-16T14:09:06","slug":"http-www-adaf04-fr-index-php-domaine-entreprise","status":"publish","type":"page","link":"https:\/\/www.adaf04.fr\/index.php\/http-www-adaf04-fr-index-php-domaine-entreprise\/","title":{"rendered":"Nos formations"},"content":{"rendered":"\t\t<div data-elementor-type=\"wp-page\" data-elementor-id=\"79\" class=\"elementor elementor-79\" data-elementor-settings=\"[]\">\n\t\t\t\t\t\t<div class=\"elementor-inner\">\n\t\t\t\t\t\t\t<div class=\"elementor-section-wrap\">\n\t\t\t\t\t\t\t<section class=\"elementor-section elementor-top-section elementor-element elementor-element-6b2d6229 elementor-section-boxed elementor-section-height-default elementor-section-height-default\" data-id=\"6b2d6229\" data-element_type=\"section\">\n\t\t\t\t\t\t<div class=\"elementor-container elementor-column-gap-default\">\n\t\t\t\t\t\t\t<div class=\"elementor-row\">\n\t\t\t\t\t<div class=\"elementor-column elementor-col-100 elementor-top-column elementor-element elementor-element-4d2a5fea\" data-id=\"4d2a5fea\" data-element_type=\"column\">\n\t\t\t<div class=\"elementor-column-wrap elementor-element-populated\">\n\t\t\t\t\t\t\t<div class=\"elementor-widget-wrap\">\n\t\t\t\t\t\t<div class=\"elementor-element elementor-element-23a89e1b elementor-widget elementor-widget-text-editor\" data-id=\"23a89e1b\" data-element_type=\"widget\" data-widget_type=\"text-editor.default\">\n\t\t\t\t<div class=\"elementor-widget-container\">\n\t\t\t\t\t\t\t\t<div class=\"elementor-text-editor elementor-clearfix\">\n\t\t\t\t<p><!-- wp:heading {\"level\":3} --><\/p>\n<h3><strong><strong>Vous trouverez ici toutes les formations que nous proposons, class\u00e9es par th\u00e8mes et par type de formations (pr\u00e9sentiel, E-learning)<\/strong>.\u00a0<\/strong><\/h3>\n<p><!-- \/wp:heading --><\/p>\n<p><!-- wp:heading {\"level\":4} --><\/p>\n<h4>&gt; Formations en pr\u00e9sentiel\u00a0(P)<\/h4>\n<p><!-- \/wp:heading --><\/p>\n<p><!-- wp:heading {\"level\":4} --><\/p>\n<h4>&gt; Formations \u00e0 distance (E-learning)\u00a0\u00a0(E)<\/h4>\n<p><!-- \/wp:heading --><\/p>\n<p><!-- wp:heading {\"level\":4} --><\/p>\n<h4>&gt; Formations mixtes\u00a0(M)<\/h4>\n<p><!-- \/wp:heading --><\/p>\n<p><!-- wp:heading {\"level\":4} --><\/p>\n<h4>&gt; Formations \u00e9ligibles au CPF\u00a0(CPF)<\/h4>\n<p><!-- \/wp:heading --><\/p>\n<p><!-- wp:heading {\"level\":4} --><\/p>\n<h4>&gt; Formation r\u00e9f\u00e9renc\u00e9e au DPC\u00a0(DPC)<\/h4>\n<p><!-- \/wp:heading --><\/p>\n<p><!-- wp:paragraph --><\/p>\n<p><!-- \/wp:paragraph --><\/p>\n<p><!-- wp:separator --><\/p>\n<hr class=\"wp-block-separator\" \/>\n<p><!-- \/wp:separator --><\/p>\n<p><!-- wp:html --><\/p>\n<h3>&gt; <strong>PROFESSIONNELS DE SANT\u00c9\u00a0<\/strong><\/h3>\n<p><!-- \/wp:heading --><\/p>\n<p><!-- wp:heading {\"level\":4} --><\/p>\n<h4>Les professionnels de sant\u00e9 sont amen\u00e9s \u00e0 faire \u00e9voluer leur pratique tout au long de leur carri\u00e8re.\u00a0<br \/>Pour cela ils ont besoin de formations concr\u00e8tes, innovantes et sp\u00e9cialis\u00e9es.\u00a0<br \/>Nos formations sont \u201csusceptibles d\u2019\u00eatre prises en charge par le FIF PL, le FAF PM ou autre OPCO\u201d pour plus de renseignements, rendez-vous sur notre page \u201cfinancement\u201d. <br \/>Nos formations sont dispens\u00e9es en pr\u00e9sentiel et\/ou \u00e0 distance.<\/h4>\n<p><!-- \/wp:heading --><\/p>\n<p><!-- wp:buttons --><\/p>\n<div class=\"wp-block-buttons\">\n<p><!-- wp:button {\"style\":{\"color\":{\"text\":\"#ffffff\"}},\"backgroundColor\":\"vivid-green-cyan\",\"className\":\"is-style-fill\"} --><\/p>\n<div class=\"wp-block-button is-style-fill\"><span style=\"color: #0000ff;\"><a class=\"wp-block-button__link has-vivid-green-cyan-background-color has-text-color has-background\" style=\"color: #0000ff;\" href=\"https:\/\/www.adaf04.fr\/index.php\/2020\/09\/27\/psychiatrie-generale\/\"><strong><span style=\"color: #ffffff;\">Psychiatrie g\u00e9n\u00e9rale<\/span><\/strong><\/a><\/span><\/div>\n<p><!-- \/wp:button --><\/p>\n<p><!-- wp:button {\"backgroundColor\":\"vivid-cyan-blue\"} --><\/p>\n<div class=\"wp-block-button\"><a class=\"wp-block-button__link has-vivid-cyan-blue-background-color has-background\" href=\"https:\/\/www.adaf04.fr\/index.php\/2020\/09\/27\/gerontopsychiatrie\/\"><strong><strong>G\u00e9rontopsychiatrie<\/strong><\/strong><\/a><\/div>\n<p><!-- \/wp:button --><\/p>\n<p><!-- wp:button {\"backgroundColor\":\"luminous-vivid-orange\"} --><\/p>\n<div class=\"wp-block-button\"><a class=\"wp-block-button__link has-luminous-vivid-orange-background-color has-background\" href=\"https:\/\/www.adaf04.fr\/index.php\/2020\/09\/27\/pedopsychiatrie\/\"><strong>P\u00e9dopsychiatrie<\/strong><\/a><\/div>\n<p><!-- \/wp:button --><\/p>\n<\/div>\n<p><!-- \/wp:buttons --><\/p>\n<p><!-- wp:paragraph --><\/p>\n<p><!-- \/wp:paragraph --><\/p>\n<p><!-- wp:separator --><\/p>\n<hr class=\"wp-block-separator\" \/>\n<p><!-- \/wp:separator --><\/p>\n<p><!-- wp:separator --><\/p>\n<hr class=\"wp-block-separator\" \/>\n<p><!-- \/wp:separator --><\/p>\n<p><!-- wp:heading {\"level\":3} --><\/p>\n<h3>&gt; <strong>ENTREPRISES<\/strong>\u00a0<\/h3>\n<p><!-- \/wp:heading --><\/p>\n<p><!-- wp:heading {\"level\":4} --><\/p>\n<h4>Vous \u00eates dirigeant d\u2019entreprise, responsable des ressources humaines ou responsable formation\u00a0? Vous souhaitez permettre \u00e0 vos \u00e9quipes de monter en comp\u00e9tences, d\u00e9velopper des savoir-faire, s\u2019adapter \u00e0 un nouveau contexte de travail\u00a0? Le souci\u2026Vous redoutez une perte de temps, des tarifs \u00e9lev\u00e9s\u2026<\/h4>\n<p><!-- \/wp:heading --><\/p>\n<p><!-- wp:heading {\"level\":4} --><\/p>\n<h4>Alpes Durance Ateliers Formations vous propose des formations sur-mesure, le tout sur un minimum de temps et dans la bonne humeur gr\u00e2ce \u00e0 nos outils \u00e0 la fois ludiques et innovants. Les tarifs comprennent l\u2019essentiel, c\u2019est-\u00e0-dire notre expertise. Le reste est \u00e0 notre charge.\u00a0<\/h4>\n<div>\u00a0<\/div>\n<div>\u00a0<\/div>\n<h4>\u00a0<\/h4>\n<h4>\u00a0<\/h4>\n<h4>Une question concernant le financement de votre formation\u00a0? <br \/>Rendez-vous sur la page \u201cfinancement\u201d ou contactez-nous\u00a0<a>contact@adaf04.fr<\/a>\u00a0ou 06 82 44 15 91.<\/h4>\n<p><!-- \/wp:heading --><\/p>\n<p><!-- wp:heading {\"level\":4} --><\/p>\n<h4>\u2022 Gestion du stress et qualit\u00e9 de vie au travail\u00a0<\/h4>\n<p><!-- \/wp:heading --><\/p>\n<p><!-- wp:heading {\"level\":4} --><\/p>\n<h4>\u2022 Communiquer autrement en entreprise\u00a0: D\u00e9velopper le savoir-\u00eatre collectif<\/h4>\n<p><!-- \/wp:heading --><\/p>\n<p><!-- wp:heading {\"level\":4} --><\/p>\n<h4>\u2022 Analyse des pratiques professionnelles et dynamiques d\u2019entreprise<\/h4>\n<p><!-- \/wp:heading --><\/p>\n<p><!-- wp:paragraph --><\/p>\n<p><!-- \/wp:paragraph --><\/p>\n<p><!-- wp:separator --><\/p>\n<hr class=\"wp-block-separator\" \/>\n<p><!-- \/wp:separator --><\/p>\n<p><!-- wp:separator --><\/p>\n<hr class=\"wp-block-separator\" \/>\n<p><!-- \/wp:separator --><\/p>\n<p><!-- wp:heading {\"level\":3} --><\/p>\n<h3>&gt; <strong>PARTICULIERS<\/strong>\u00a0<\/h3>\n<p><!-- \/wp:heading --><\/p>\n<p><!-- wp:heading {\"level\":4} --><\/p>\n<h4>Vous souhaitez d\u00e9velopper vos comp\u00e9tences relationnelles, am\u00e9liorer votre quotidien ? ADAF vous propose des ateliers courts, ludiques et innovants d&rsquo;une dur\u00e9e de 1h30 \u00e0 3h.<\/h4>\n<p><!-- \/wp:heading --><\/p>\n<p><!-- wp:heading {\"level\":4} --><\/p>\n<h4>Ces ateliers ne sont pas des formations et ne sont donc pas finan\u00e7ables par votre OPCO ou votre employeur.\u00a0<\/h4>\n<h4><a>Pour plus d&rsquo;informations: contact@adaf04.fr<\/a>\u00a0ou 06 82 44 15 91.<\/h4>\n<p><!-- \/wp:heading --><\/p>\n<p><!-- wp:heading {\"level\":4} --><\/p>\n<h4>\u2022 Gestion du stress\u00a0: Am\u00e9liorer son quotidien personnel et professionnel\u00a0<\/h4>\n<p><!-- \/wp:heading --><\/p>\n<p><!-- wp:heading {\"level\":4} --><\/p>\n<h4>\u2022 Apprendre \u00e0 communiquer autrement<\/h4>\n<p><!-- \/wp:heading --><\/p>\n<p><!-- wp:heading {\"level\":4} --><\/p>\n<h4>\u2022 Augmenter sa motivation\u00a0: comment ne plus tomber dans le pi\u00e8ge de la procrastination<\/h4>\n<p><!-- \/wp:heading --><\/p>\n<p><!-- wp:paragraph --><\/p>\n<p><!-- \/wp:paragraph --><\/p>\t\t\t\t\t<\/div>\n\t\t\t\t\t\t<\/div>\n\t\t\t\t<\/div>\n\t\t\t\t<div class=\"elementor-element elementor-element-a191a8d e-transform elementor-widget elementor-widget-button\" data-id=\"a191a8d\" data-element_type=\"widget\" data-settings=\"{&quot;_transform_translateX_effect&quot;:{&quot;unit&quot;:&quot;px&quot;,&quot;size&quot;:0,&quot;sizes&quot;:[]},&quot;_transform_translateY_effect&quot;:{&quot;unit&quot;:&quot;px&quot;,&quot;size&quot;:-730,&quot;sizes&quot;:[]},&quot;_transform_translateX_effect_tablet&quot;:{&quot;unit&quot;:&quot;px&quot;,&quot;size&quot;:&quot;&quot;,&quot;sizes&quot;:[]},&quot;_transform_translateX_effect_mobile&quot;:{&quot;unit&quot;:&quot;px&quot;,&quot;size&quot;:&quot;&quot;,&quot;sizes&quot;:[]},&quot;_transform_translateY_effect_tablet&quot;:{&quot;unit&quot;:&quot;px&quot;,&quot;size&quot;:&quot;&quot;,&quot;sizes&quot;:[]},&quot;_transform_translateY_effect_mobile&quot;:{&quot;unit&quot;:&quot;px&quot;,&quot;size&quot;:&quot;&quot;,&quot;sizes&quot;:[]}}\" data-widget_type=\"button.default\">\n\t\t\t\t<div class=\"elementor-widget-container\">\n\t\t\t\t\t<div class=\"elementor-button-wrapper\">\n\t\t\t<a href=\"#\" class=\"elementor-button-link elementor-button elementor-size-md\" role=\"button\">\n\t\t\t\t\t\t<span class=\"elementor-button-content-wrapper\">\n\t\t\t\t\t\t<span class=\"elementor-button-text\">Analyses de pratiques professionnelles et coaching <\/span>\n\t\t<\/span>\n\t\t\t\t\t<\/a>\n\t\t<\/div>\n\t\t\t\t<\/div>\n\t\t\t\t<\/div>\n\t\t\t\t<div class=\"elementor-element elementor-element-e61d2c1 elementor-button-info e-transform elementor-widget elementor-widget-button\" data-id=\"e61d2c1\" data-element_type=\"widget\" data-settings=\"{&quot;_transform_translateX_effect&quot;:{&quot;unit&quot;:&quot;px&quot;,&quot;size&quot;:0,&quot;sizes&quot;:[]},&quot;_transform_translateY_effect&quot;:{&quot;unit&quot;:&quot;px&quot;,&quot;size&quot;:-863,&quot;sizes&quot;:[]},&quot;_transform_translateX_effect_tablet&quot;:{&quot;unit&quot;:&quot;px&quot;,&quot;size&quot;:&quot;&quot;,&quot;sizes&quot;:[]},&quot;_transform_translateX_effect_mobile&quot;:{&quot;unit&quot;:&quot;px&quot;,&quot;size&quot;:&quot;&quot;,&quot;sizes&quot;:[]},&quot;_transform_translateY_effect_tablet&quot;:{&quot;unit&quot;:&quot;px&quot;,&quot;size&quot;:&quot;&quot;,&quot;sizes&quot;:[]},&quot;_transform_translateY_effect_mobile&quot;:{&quot;unit&quot;:&quot;px&quot;,&quot;size&quot;:&quot;&quot;,&quot;sizes&quot;:[]}}\" data-widget_type=\"button.default\">\n\t\t\t\t<div class=\"elementor-widget-container\">\n\t\t\t\t\t<div class=\"elementor-button-wrapper\">\n\t\t\t<a href=\"https:\/\/www.adaf04.fr\/index.php\/stress-en-entreprise\/\" class=\"elementor-button-link elementor-button elementor-size-md\" role=\"button\">\n\t\t\t\t\t\t<span class=\"elementor-button-content-wrapper\">\n\t\t\t\t\t\t<span class=\"elementor-button-text\">Qualit\u00e9 de vie au travail <\/span>\n\t\t<\/span>\n\t\t\t\t\t<\/a>\n\t\t<\/div>\n\t\t\t\t<\/div>\n\t\t\t\t<\/div>\n\t\t\t\t<div class=\"elementor-element elementor-element-f8e4f80 elementor-absolute elementor-widget elementor-widget-button\" data-id=\"f8e4f80\" data-element_type=\"widget\" data-settings=\"{&quot;_position&quot;:&quot;absolute&quot;}\" data-widget_type=\"button.default\">\n\t\t\t\t<div class=\"elementor-widget-container\">\n\t\t\t\t\t<div class=\"elementor-button-wrapper\">\n\t\t\t<a href=\"https:\/\/www.adaf04.fr\/index.php\/http-www-adaf04-fr-index-php-domaine-entreprise\/contenus-gratuits\/\" class=\"elementor-button-link elementor-button elementor-size-sm\" role=\"button\">\n\t\t\t\t\t\t<span class=\"elementor-button-content-wrapper\">\n\t\t\t\t\t\t<span class=\"elementor-button-text\">Nos contenus GRATUITS<\/span>\n\t\t<\/span>\n\t\t\t\t\t<\/a>\n\t\t<\/div>\n\t\t\t\t<\/div>\n\t\t\t\t<\/div>\n\t\t\t\t\t\t<\/div>\n\t\t\t\t\t<\/div>\n\t\t<\/div>\n\t\t\t\t\t\t\t\t<\/div>\n\t\t\t\t\t<\/div>\n\t\t<\/section>\n\t\t\t\t\t\t<\/div>\n\t\t\t\t\t\t<\/div>\n\t\t\t\t\t<\/div>\n\t\t","protected":false},"excerpt":{"rendered":"<p>Vous trouverez ici toutes les formations que nous proposons, class\u00e9es par th\u00e8mes et par type de formations (pr\u00e9sentiel, E-learning).\u00a0 &gt; Formations en pr\u00e9sentiel\u00a0(P) &gt; Formations \u00e0 distance (E-learning)\u00a0\u00a0(E) &gt; Formations&hellip; <br \/> <a class=\"read-more\" href=\"https:\/\/www.adaf04.fr\/index.php\/http-www-adaf04-fr-index-php-domaine-entreprise\/\">Lire la suite<\/a><\/p>\n","protected":false},"author":1,"featured_media":0,"parent":0,"menu_order":0,"comment_status":"closed","ping_status":"closed","template":"","meta":[],"_links":{"self":[{"href":"https:\/\/www.adaf04.fr\/index.php\/wp-json\/wp\/v2\/pages\/79"}],"collection":[{"href":"https:\/\/www.adaf04.fr\/index.php\/wp-json\/wp\/v2\/pages"}],"about":[{"href":"https:\/\/www.adaf04.fr\/index.php\/wp-json\/wp\/v2\/types\/page"}],"author":[{"embeddable":true,"href":"https:\/\/www.adaf04.fr\/index.php\/wp-json\/wp\/v2\/users\/1"}],"replies":[{"embeddable":true,"href":"https:\/\/www.adaf04.fr\/index.php\/wp-json\/wp\/v2\/comments?post=79"}],"version-history":[{"count":123,"href":"https:\/\/www.adaf04.fr\/index.php\/wp-json\/wp\/v2\/pages\/79\/revisions"}],"predecessor-version":[{"id":1890,"href":"https:\/\/www.adaf04.fr\/index.php\/wp-json\/wp\/v2\/pages\/79\/revisions\/1890"}],"wp:attachment":[{"href":"https:\/\/www.adaf04.fr\/index.php\/wp-json\/wp\/v2\/media?parent=79"}],"curies":[{"name":"wp","href":"https:\/\/api.w.org\/{rel}","templated":true}]}}