{"id":344,"date":"2020-07-04T17:44:50","date_gmt":"2020-07-04T15:44:50","guid":{"rendered":"http:\/\/www.adaf04.fr\/?page_id=344"},"modified":"2025-04-01T17:28:22","modified_gmt":"2025-04-01T15:28:22","slug":"entreprises","status":"publish","type":"page","link":"https:\/\/www.adaf04.fr\/index.php\/entreprises\/","title":{"rendered":"Domaine de l&rsquo;entreprise"},"content":{"rendered":"\t\t<div data-elementor-type=\"wp-page\" data-elementor-id=\"344\" class=\"elementor elementor-344\" data-elementor-settings=\"[]\">\n\t\t\t\t\t\t<div class=\"elementor-inner\">\n\t\t\t\t\t\t\t<div class=\"elementor-section-wrap\">\n\t\t\t\t\t\t\t<section class=\"elementor-section elementor-top-section elementor-element elementor-element-43679d56 elementor-section-boxed elementor-section-height-default elementor-section-height-default\" data-id=\"43679d56\" data-element_type=\"section\">\n\t\t\t\t\t\t<div class=\"elementor-container elementor-column-gap-default\">\n\t\t\t\t\t\t\t<div class=\"elementor-row\">\n\t\t\t\t\t<div class=\"elementor-column elementor-col-100 elementor-top-column elementor-element elementor-element-4d334de9\" data-id=\"4d334de9\" data-element_type=\"column\">\n\t\t\t<div class=\"elementor-column-wrap elementor-element-populated\">\n\t\t\t\t\t\t\t<div class=\"elementor-widget-wrap\">\n\t\t\t\t\t\t<div class=\"elementor-element elementor-element-2abb5817 elementor-widget elementor-widget-text-editor\" data-id=\"2abb5817\" data-element_type=\"widget\" data-widget_type=\"text-editor.default\">\n\t\t\t\t<div class=\"elementor-widget-container\">\n\t\t\t\t\t\t\t\t<div class=\"elementor-text-editor elementor-clearfix\">\n\t\t\t\t<p><!-- wp:heading {\"level\":4} --><\/p>\n<h4>Vous \u00eates dirigeant d&rsquo;entreprise, responsable des ressources humaines ou en charge de la formation et vous souhaitez permettre \u00e0 vos \u00e9quipes de monter en comp\u00e9tences, d\u00e9velopper des \u201csavoir-faire\u201d, acqu\u00e9rir de solides comp\u00e9tences relationnelles ? <br \/>N&rsquo;h\u00e9sitez plus\u2026 vous trouverez ici les formations que nous proposons. Si vous ne les trouvez pas compte tenu de vos sp\u00e9cificit\u00e9s, prenez contact avec notre \u00e9quipe, nous ferons tout notre possible pour r\u00e9pondre \u00e0 vos attentes.<\/h4>\n<p><!-- \/wp:heading --><!-- wp:buttons --><\/p>\n<div class=\"wp-block-buttons\">\n<div class=\"wp-block-button is-style-fill\">\u00a0<\/div>\n<div class=\"wp-block-button\"><a class=\"wp-block-button__link has-white-color has-vivid-green-cyan-background-color has-text-color has-background\" href=\"https:\/\/www.adaf04.fr\/index.php\/stress-en-entreprise\/\"><strong>Qualit\u00e9 de vie au travail<\/strong><\/a><\/div>\n<\/div>\n<div>\u00a0<\/div>\n<div>\u00a0<\/div>\n<div>\u00a0<\/div>\n<div class=\"wp-block-button\">\u00a0<\/div>\n<p><!-- \/wp:buttons --><!-- wp:paragraph --><\/p>\n<p><strong>NOTA : CERTAINS ITEMS SONT EN COURS D&rsquo;\u00c9LABORATION !<\/strong><\/p>\n<p><!-- \/wp:paragraph --><\/p>\t\t\t\t\t<\/div>\n\t\t\t\t\t\t<\/div>\n\t\t\t\t<\/div>\n\t\t\t\t<div class=\"elementor-element elementor-element-258e68d elementor-absolute elementor-widget elementor-widget-button\" data-id=\"258e68d\" data-element_type=\"widget\" data-settings=\"{&quot;_position&quot;:&quot;absolute&quot;}\" data-widget_type=\"button.default\">\n\t\t\t\t<div class=\"elementor-widget-container\">\n\t\t\t\t\t<div class=\"elementor-button-wrapper\">\n\t\t\t<a href=\"https:\/\/www.adaf04.fr\/index.php\/management\/\" class=\"elementor-button-link elementor-button elementor-size-md\" role=\"button\">\n\t\t\t\t\t\t<span class=\"elementor-button-content-wrapper\">\n\t\t\t\t\t\t<span class=\"elementor-button-text\">Management<\/span>\n\t\t<\/span>\n\t\t\t\t\t<\/a>\n\t\t<\/div>\n\t\t\t\t<\/div>\n\t\t\t\t<\/div>\n\t\t\t\t\t\t<\/div>\n\t\t\t\t\t<\/div>\n\t\t<\/div>\n\t\t\t\t\t\t\t\t<\/div>\n\t\t\t\t\t<\/div>\n\t\t<\/section>\n\t\t\t\t<section class=\"elementor-section elementor-top-section elementor-element elementor-element-a838642 elementor-section-boxed elementor-section-height-default elementor-section-height-default\" data-id=\"a838642\" data-element_type=\"section\">\n\t\t\t\t\t\t<div class=\"elementor-container elementor-column-gap-default\">\n\t\t\t\t\t\t\t<div class=\"elementor-row\">\n\t\t\t\t\t<div class=\"elementor-column elementor-col-100 elementor-top-column elementor-element elementor-element-971764a\" data-id=\"971764a\" data-element_type=\"column\">\n\t\t\t<div class=\"elementor-column-wrap\">\n\t\t\t\t\t\t\t<div class=\"elementor-widget-wrap\">\n\t\t\t\t\t\t\t\t<\/div>\n\t\t\t\t\t<\/div>\n\t\t<\/div>\n\t\t\t\t\t\t\t\t<\/div>\n\t\t\t\t\t<\/div>\n\t\t<\/section>\n\t\t\t\t\t\t<\/div>\n\t\t\t\t\t\t<\/div>\n\t\t\t\t\t<\/div>\n\t\t","protected":false},"excerpt":{"rendered":"<p>Vous \u00eates dirigeant d&rsquo;entreprise, responsable des ressources humaines ou en charge de la formation et vous souhaitez permettre \u00e0 vos \u00e9quipes de monter en comp\u00e9tences, d\u00e9velopper des \u201csavoir-faire\u201d, acqu\u00e9rir de&hellip; <br \/> <a class=\"read-more\" href=\"https:\/\/www.adaf04.fr\/index.php\/entreprises\/\">Lire la suite<\/a><\/p>\n","protected":false},"author":1,"featured_media":0,"parent":0,"menu_order":0,"comment_status":"closed","ping_status":"closed","template":"","meta":[],"_links":{"self":[{"href":"https:\/\/www.adaf04.fr\/index.php\/wp-json\/wp\/v2\/pages\/344"}],"collection":[{"href":"https:\/\/www.adaf04.fr\/index.php\/wp-json\/wp\/v2\/pages"}],"about":[{"href":"https:\/\/www.adaf04.fr\/index.php\/wp-json\/wp\/v2\/types\/page"}],"author":[{"embeddable":true,"href":"https:\/\/www.adaf04.fr\/index.php\/wp-json\/wp\/v2\/users\/1"}],"replies":[{"embeddable":true,"href":"https:\/\/www.adaf04.fr\/index.php\/wp-json\/wp\/v2\/comments?post=344"}],"version-history":[{"count":22,"href":"https:\/\/www.adaf04.fr\/index.php\/wp-json\/wp\/v2\/pages\/344\/revisions"}],"predecessor-version":[{"id":1869,"href":"https:\/\/www.adaf04.fr\/index.php\/wp-json\/wp\/v2\/pages\/344\/revisions\/1869"}],"wp:attachment":[{"href":"https:\/\/www.adaf04.fr\/index.php\/wp-json\/wp\/v2\/media?parent=344"}],"curies":[{"name":"wp","href":"https:\/\/api.w.org\/{rel}","templated":true}]}}

<div data-elementor-type="wp-page" data-elementor-id="344" class="elementor elementor-344" data-elementor-settings="[]">
						<div class="elementor-inner">
							<div class="elementor-section-wrap">
							<section class="elementor-section elementor-top-section elementor-element elementor-element-43679d56 elementor-section-boxed elementor-section-height-default elementor-section-height-default" data-id="43679d56" data-element_type="section">
						<div class="elementor-container elementor-column-gap-default">
							<div class="elementor-row">
					<div class="elementor-column elementor-col-100 elementor-top-column elementor-element elementor-element-4d334de9" data-id="4d334de9" data-element_type="column">
			<div class="elementor-column-wrap elementor-element-populated">
							<div class="elementor-widget-wrap">
						<div class="elementor-element elementor-element-2abb5817 elementor-widget elementor-widget-text-editor" data-id="2abb5817" data-element_type="widget" data-widget_type="text-editor.default">
				<div class="elementor-widget-container">
								<div class="elementor-text-editor elementor-clearfix">
				<p><!-- wp:heading {"level":4} --></p>
<h4>Vous êtes dirigeant d&rsquo;entreprise, responsable des ressources humaines ou en charge de la formation et vous souhaitez permettre à vos équipes de monter en compétences, développer des “savoir-faire”, acquérir de solides compétences relationnelles ? <br />N&rsquo;hésitez plus… vous trouverez ici les formations que nous proposons. Si vous ne les trouvez pas compte tenu de vos spécificités, prenez contact avec notre équipe, nous ferons tout notre possible pour répondre à vos attentes.</h4>
<p><!-- /wp:heading --><!-- wp:buttons --></p>
<div class="wp-block-buttons">
<div class="wp-block-button is-style-fill"> </div>
<div class="wp-block-button"><a class="wp-block-button__link has-white-color has-vivid-green-cyan-background-color has-text-color has-background" href="https://www.adaf04.fr/index.php/stress-en-entreprise/"><strong>Qualité de vie au travail</strong></a></div>
</div>
<div> </div>
<div> </div>
<div> </div>
<div class="wp-block-button"> </div>
<p><!-- /wp:buttons --><!-- wp:paragraph --></p>
<p><strong>NOTA : CERTAINS ITEMS SONT EN COURS D&rsquo;ÉLABORATION !</strong></p>
<p><!-- /wp:paragraph --></p>					</div>
						</div>
				</div>
				<div class="elementor-element elementor-element-258e68d elementor-absolute elementor-widget elementor-widget-button" data-id="258e68d" data-element_type="widget" data-settings="{&quot;_position&quot;:&quot;absolute&quot;}" data-widget_type="button.default">
				<div class="elementor-widget-container">
					<div class="elementor-button-wrapper">
			<a href="https://www.adaf04.fr/index.php/management/" class="elementor-button-link elementor-button elementor-size-md" role="button">
						<span class="elementor-button-content-wrapper">
						<span class="elementor-button-text">Management</span>
		</span>
					</a>
		</div>
				</div>
				</div>
						</div>
					</div>
		</div>
								</div>
					</div>
		</section>
				<section class="elementor-section elementor-top-section elementor-element elementor-element-a838642 elementor-section-boxed elementor-section-height-default elementor-section-height-default" data-id="a838642" data-element_type="section">
						<div class="elementor-container elementor-column-gap-default">
							<div class="elementor-row">
					<div class="elementor-column elementor-col-100 elementor-top-column elementor-element elementor-element-971764a" data-id="971764a" data-element_type="column">
			<div class="elementor-column-wrap">
							<div class="elementor-widget-wrap">
								</div>
					</div>
		</div>
								</div>
					</div>
		</section>
						</div>
						</div>
					</div>

<p>Vous êtes dirigeant d&rsquo;entreprise, responsable des ressources humaines ou en charge de la formation et vous souhaitez permettre à vos équipes de monter en compétences, développer des “savoir-faire”, acquérir de&hellip; <br /> <a class="read-more" href="https://www.adaf04.fr/index.php/entreprises/">Lire la suite</a></p>
