{"id":112,"date":"2020-04-14T17:34:19","date_gmt":"2020-04-14T15:34:19","guid":{"rendered":"http:\/\/www.adaf04.fr\/?page_id=112"},"modified":"2024-03-21T12:59:06","modified_gmt":"2024-03-21T11:59:06","slug":"financements-2","status":"publish","type":"page","link":"https:\/\/www.adaf04.fr\/index.php\/financements-2\/","title":{"rendered":"Financements"},"content":{"rendered":"\t\t<div data-elementor-type=\"wp-page\" data-elementor-id=\"112\" class=\"elementor elementor-112\" data-elementor-settings=\"[]\">\n\t\t\t\t\t\t<div class=\"elementor-inner\">\n\t\t\t\t\t\t\t<div class=\"elementor-section-wrap\">\n\t\t\t\t\t\t\t<section class=\"elementor-section elementor-top-section elementor-element elementor-element-1ece2c45 elementor-section-boxed elementor-section-height-default elementor-section-height-default\" data-id=\"1ece2c45\" data-element_type=\"section\">\n\t\t\t\t\t\t<div class=\"elementor-container elementor-column-gap-default\">\n\t\t\t\t\t\t\t<div class=\"elementor-row\">\n\t\t\t\t\t<div class=\"elementor-column elementor-col-100 elementor-top-column elementor-element elementor-element-6219f78f\" data-id=\"6219f78f\" data-element_type=\"column\">\n\t\t\t<div class=\"elementor-column-wrap elementor-element-populated\">\n\t\t\t\t\t\t\t<div class=\"elementor-widget-wrap\">\n\t\t\t\t\t\t<div class=\"elementor-element elementor-element-2484236 elementor-widget elementor-widget-text-editor\" data-id=\"2484236\" data-element_type=\"widget\" data-widget_type=\"text-editor.default\">\n\t\t\t\t<div class=\"elementor-widget-container\">\n\t\t\t\t\t\t\t\t<div class=\"elementor-text-editor elementor-clearfix\">\n\t\t\t\t<p><!-- wp:heading --><\/p>\n<h1>\u00a0<\/h1>\n<p><!-- \/wp:paragraph --><\/p>\n<p><!-- wp:separator {\"className\":\"is-style-default\"} --><\/p>\n<hr class=\"wp-block-separator is-style-default\" \/>\n<p><!-- \/wp:separator --><\/p>\n<p><!-- wp:separator --><\/p>\n<p><!-- \/wp:separator --><\/p>\n<p><!-- wp:paragraph --><\/p>\n<p><!-- \/wp:paragraph --><\/p>\n<p><!-- wp:heading --><\/p>\n<h2>Fonds publics ou mutualis\u00e9s<\/h2>\n<p><!-- \/wp:heading --><\/p>\n<p><!-- wp:paragraph {\"textColor\":\"black\"} --><\/p>\n<p class=\"has-black-color has-text-color\">Alpes Durance Ateliers Formations est certifi\u00e9. Cela implique que les structures publiques peuvent b\u00e9n\u00e9ficier de fonds publics ou mutualis\u00e9s pour financer leurs formations.<\/p>\n<p><!-- \/wp:paragraph --><\/p>\n<p><!-- wp:image {\"id\":716,\"sizeSlug\":\"large\",\"linkDestination\":\"none\"} --><\/p>\n<figure class=\"wp-block-image size-large\"><img loading=\"lazy\" width=\"800\" height=\"225\" class=\"wp-image-716\" src=\"https:\/\/www.adaf04.fr\/wp-content\/uploads\/2021\/07\/Logo-OF-et-DD.png\" alt=\"\" srcset=\"https:\/\/www.adaf04.fr\/wp-content\/uploads\/2021\/07\/Logo-OF-et-DD.png 800w, https:\/\/www.adaf04.fr\/wp-content\/uploads\/2021\/07\/Logo-OF-et-DD-300x84.png 300w, https:\/\/www.adaf04.fr\/wp-content\/uploads\/2021\/07\/Logo-OF-et-DD-768x216.png 768w, https:\/\/www.adaf04.fr\/wp-content\/uploads\/2021\/07\/Logo-OF-et-DD-600x169.png 600w\" sizes=\"(max-width: 800px) 100vw, 800px\" \/><\/figure>\n<p><!-- \/wp:image --><\/p>\n<p><!-- wp:separator --><\/p>\n<hr class=\"wp-block-separator\" \/>\n<p><!-- \/wp:separator --><\/p>\n<p><!-- wp:separator --><\/p>\n<hr class=\"wp-block-separator\" \/>\n<p><!-- \/wp:separator --><\/p>\n<p><!-- wp:paragraph --><\/p>\n<p><!-- \/wp:paragraph --><\/p>\n<p><!-- wp:heading --><\/p>\n<h2>OPCO\/Fonds interprofessionnels<\/h2>\n<p><!-- \/wp:heading --><\/p>\n<p><!-- wp:paragraph {\"textColor\":\"black\"} --><\/p>\n<p class=\"has-black-color has-text-color\">La r\u00e9forme de la formation de 2018 permet aux TPE et PME de b\u00e9n\u00e9ficier d&rsquo;une grande partie des fonds cotis\u00e9s pour la formation. Votre OPCO (op\u00e9rateur de comp\u00e9tence, anciens OPCA) sont \u00e0 m\u00eame de vous informer sur les diff\u00e9rents financements possibles.<\/p>\n<p><!-- \/wp:paragraph --><\/p>\n<p><!-- wp:image {\"id\":560,\"sizeSlug\":\"medium\"} --><\/p>\n<figure class=\"wp-block-image size-medium\"><img loading=\"lazy\" width=\"300\" height=\"131\" class=\"wp-image-560\" src=\"https:\/\/www.adaf04.fr\/wp-content\/uploads\/2020\/10\/OPCO-min-300x131.png\" alt=\"\" srcset=\"https:\/\/www.adaf04.fr\/wp-content\/uploads\/2020\/10\/OPCO-min-300x131.png 300w, https:\/\/www.adaf04.fr\/wp-content\/uploads\/2020\/10\/OPCO-min.png 565w\" sizes=\"(max-width: 300px) 100vw, 300px\" \/><\/figure>\n<p><!-- \/wp:image --><\/p>\n<p><!-- wp:separator --><\/p>\n<hr class=\"wp-block-separator\" \/>\n<p><!-- \/wp:separator --><\/p>\n<p><!-- wp:separator --><\/p>\n<h2>Fonds personnels<\/h2>\n<p><!-- \/wp:heading --><\/p>\n<p><!-- wp:paragraph {\"textColor\":\"black\"} --><\/p>\n<p class=\"has-black-color has-text-color\">Vous n&rsquo;entrez dans aucune de ces configuration? Sachez que vous avez la possibilit\u00e9 de financer vous-m\u00eame votre formation. Pour cela les tarifs de nos formations sont indiqu\u00e9s clairement sur chaque fiche. Contactez-nous pour en savoir plus. <a href=\"mailto:contact@adaf04.fr\">contact@adaf04.fr<\/a><\/p>\n<p><!-- \/wp:paragraph --><\/p>\t\t\t\t\t<\/div>\n\t\t\t\t\t\t<\/div>\n\t\t\t\t<\/div>\n\t\t\t\t\t\t<\/div>\n\t\t\t\t\t<\/div>\n\t\t<\/div>\n\t\t\t\t\t\t\t\t<\/div>\n\t\t\t\t\t<\/div>\n\t\t<\/section>\n\t\t\t\t\t\t<\/div>\n\t\t\t\t\t\t<\/div>\n\t\t\t\t\t<\/div>\n\t\t","protected":false},"excerpt":{"rendered":"<p>\u00a0 Fonds publics ou mutualis\u00e9s Alpes Durance Ateliers Formations est certifi\u00e9. Cela implique que les structures publiques peuvent b\u00e9n\u00e9ficier de fonds publics ou mutualis\u00e9s pour financer leurs formations. OPCO\/Fonds interprofessionnels&hellip; <br \/> <a class=\"read-more\" href=\"https:\/\/www.adaf04.fr\/index.php\/financements-2\/\">Lire la suite<\/a><\/p>\n","protected":false},"author":1,"featured_media":0,"parent":0,"menu_order":0,"comment_status":"closed","ping_status":"closed","template":"","meta":[],"_links":{"self":[{"href":"https:\/\/www.adaf04.fr\/index.php\/wp-json\/wp\/v2\/pages\/112"}],"collection":[{"href":"https:\/\/www.adaf04.fr\/index.php\/wp-json\/wp\/v2\/pages"}],"about":[{"href":"https:\/\/www.adaf04.fr\/index.php\/wp-json\/wp\/v2\/types\/page"}],"author":[{"embeddable":true,"href":"https:\/\/www.adaf04.fr\/index.php\/wp-json\/wp\/v2\/users\/1"}],"replies":[{"embeddable":true,"href":"https:\/\/www.adaf04.fr\/index.php\/wp-json\/wp\/v2\/comments?post=112"}],"version-history":[{"count":28,"href":"https:\/\/www.adaf04.fr\/index.php\/wp-json\/wp\/v2\/pages\/112\/revisions"}],"predecessor-version":[{"id":1273,"href":"https:\/\/www.adaf04.fr\/index.php\/wp-json\/wp\/v2\/pages\/112\/revisions\/1273"}],"wp:attachment":[{"href":"https:\/\/www.adaf04.fr\/index.php\/wp-json\/wp\/v2\/media?parent=112"}],"curies":[{"name":"wp","href":"https:\/\/api.w.org\/{rel}","templated":true}]}}